 261*j - 46. Calculate y(27).
197
Let z(x) = 2*x**2 + 405*x - 2894. What is z(7)?
39
Let h(s) = 15*s - 376. Calculate h(25).
-1
Let h(f) = -1445*f - 8679. Give h(-6).
-9
Let d(q) = q**3 + 55*q**2 - 366*q + 4. Determine d(-61).
4
Let q(t) = -t**3 + 5*t**2 - 22*t + 14. Calculate q(6).
-154
Let w(g) = -g**3 + 13*g**2 - 9*g - 30. Calculate w(12).
6
Let o(h) = -351*h + 3206. What is o(9)?
47
Let z(x) = x**3 + 73*x**2 + 203*x - 415. Determine z(-70).
75
Let r(y) = -123*y - 1878. What is r(-15)?
-33
Let o(z) = -z - 31. What is o(-5)?
-26
Let c(v) = 7*v**2 + 27*v - 49. Determine c(2).
33
Let d(j) = -j**3 - 11*j**2 + 58*j + 17. What is d(-12)?
-535
Let x(c) = 7*c + 182. What is x(-27)?
-7
Let z(n) = -19*n**2 - 46*n - 165. Calculate z(-4).
-285
Let l(b) = 2*b**3 + 127*b**2 - 72*b - 521. Give l(-64).
-9
Let w(b) = -b**3 - 25*b**2 - 5*b - 102. Determine w(-25).
23
Let y(c) = -c**2 + 43*c - 450. What is y(25)?
0
Let a(y) = -68*y**2 + 13*y - 32. Calculate a(2).
-278
Let w(u) = u**2 + 226*u + 828. Determine w(0).
828
Let o(d) = -5*d**2 - 90*d + 11. Give o(-21).
-304
Let l(m) = -m**3 + 2*m**2 - m - 43. Calculate l(-7).
405
Let q(b) = b**3 + 80*b**2 - 1757*b + 686. Give q(-98).
0
Let o(c) = 4*c**2 - 24*c - 97. Calculate o(-5).
123
Let z(y) = 3*y**2 - 141*y + 1372. What is z(33)?
-14
Let p(j) = -33*j + 178. Give p(5).
13
Let m(f) = 24*f - 369. What is m(15)?
-9
Let o(k) = -k**2 - 89*k - 1098. Determine o(-16).
70
Let n(j) = -j**3 + 46*j**2 - 254*j + 3590. What is n(42)?
-22
Let t(k) = k**3 + 19*k**2 + 124*k + 2348. Calculate t(-19).
-8
Let z(a) = 6*a**3 + 67*a**2 - 9*a + 25. What is z(-11)?
245
Let b(s) = s**3 - 37*s**2 - 29*s - 301. Calculate b(38).
41
Let h(o) = 12*o**3 + o**2 - o - 9. Calculate h(3).
321
Let l(h) = -h**2 - 205*h + 32955. Determine l(-311).
-11
Let g(s) = 2*s**2 + 6952*s + 20843. Give g(-3).
5
Let h(g) = -g**2 - 92*g - 2107. Determine h(-50).
-7
Let g(u) = u**2 + u - 184. Calculate g(-14).
-2
Let n(u) = -4*u**3 - 2*u**2 - 302*u - 915. What is n(-3)?
81
Let c(f) = f**3 - 34*f**2 - 73*f + 33. Determine c(36).
-3
Let i(f) = -166*f**3 - 11785*f**2 + 71*f - 3. Give i(-71).
-3
Let x(i) = -67*i - 4232. Calculate x(-65).
123
Let g(m) = 169*m + 850. Give g(-3).
343
Let h(j) = 19*j + 874. Calculate h(-46).
0
Let b(n) = 37*n + 2376. Calculate b(-64).
8
Let u(c) = c**2 - 221*c + 1083. What is u(5)?
3
Let h(r) = -r**3 - 9*r**2 + 8*r - 130. Determine h(-11).
24
Let v(q) = 6*q**2 + 30*q + 17. Determine v(-5).
17
Let i(o) = -o**3 - 39*o**2 - 35*o + 128. Determine i(-38).
14
Let p(m) = 35*m - 290. What is p(8)?
-10
Let p(v) = -v**3 + 69*v**2 + 66*v + 286. What is p(70)?
6
Let d(i) = -2*i**3 - 38*i**2 - 65*i + 26. What is d(-17)?
-25
Let a(w) = 977*w - 484592. Determine a(496).
0
Let s(y) = -40*y - 127. Calculate s(-4).
33
Let j(s) = -3*s**3 + 18*s + 12. What is j(-2)?
0
Let s(j) = 13*j**2 + 3864*j - 2986. Calculate s(-298).
-6
Let z(i) = -5*i**2 + 62*i + 12. Determine z(5).
197
Let a(d) = 39*d - 48. What is a(4)?
108
Let o(l) = -2*l - 105. Calculate o(7).
-119
Let b(p) = -p**3 - 209*p**2 + 32*p + 6693. What is b(-209)?
5
Let u(q) = -3*q**2 - 124*q - 38. Determine u(-41).
3
Let u(d) = -2*d**3 + 214*d**2 - 213*d + 142. Determine u(106).
36
Let k(u) = u**3 - 219*u**2 + 17*u - 3712. Calculate k(219).
11
Let p(m) = 10*m - 628. What is p(30)?
-328
Let s(k) = k**3 - 57*k**2 + 222*k - 507. What is s(53)?
23
Let j(n) = n**3 + 45*n**2 + 166*n + 111. Calculate j(-41).
29
Let n(g) = -g**3 + 34*g**2 + 38*g - 83. Determine n(35).
22
Let n(f) = 8*f + 69. Give n(-10).
-11
Let p(l) = l**3 - 9*l**2 - 63*l + 31. Give p(-5).
-4
Let z(m) = 3*m**2 + 20*m - 17. Calculate z(-5).
-42
Let w(z) = -50*z**2 - 836*z + 239. Give w(-17).
1
Let r(h) = 192*h**3 + 39*h**2 - 39*h - 1. Calculate r(1).
191
Let d(m) = -m**2 + 95*m + 713. Give d(-7).
-1
Let g(i) = -7*i**2 - 532*i - 516. What is g(-75)?
9
Let t(k) = -21*k - 26. Determine t(-11).
205
Let d(b) = b**3 - 13*b**2 + 12*b + 131. Determine d(13).
287
Let w(z) = 3*z**2 + 148*z - 1713. Give w(-59).
-2
Let d(r) = -r**2 - 54*r + 679. Give d(10).
39
Let y(u) = 3*u**3 + 141*u**2 + 1026*u + 11. Determine y(-38).
11
Let b(a) = -a**3 + 16*a**2 + 514*a + 19. Give b(-16).
-13
Let g(q) = -202*q + 280. What is g(3)?
-326
Let j(s) = -s**2 + 31*s + 87. Determine j(34).
-15
Let y(g) = -2*g**2 - 280*g - 562. Calculate y(-2).
-10
Let x(m) = 5*m**3 + 2*m**2 + 35*m + 64. Calculate x(-3).
-158
Let c(j) = j**2 + 274*j - 4957. Give c(17).
-10
Let o(v) = -257*v - 4365. Give o(-17).
4
Let h(w) = -3*w**2 + w - 74. Give h(8).
-258
Let a(i) = i**2 + 7*i - 26. What is a(-9)?
-8
Let p(q) = q**3 + 29*q**2 + 131*q + 3801. Calculate p(-29).
2
Let n(g) = 2*g**3 + 14*g**2 - 21*g - 51. Give n(-8).
-11
Let u(x) = x**2 + 67*x + 128. What is u(0)?
128
Let d(i) = i**3 + 4*i**2 - 5*i - 13. Determine d(-2).
5
Let y(w) = 2*w**3 + 9*w**2 + 18*w + 63. Give y(-8).
-529
Let c(g) = 14*g**3 - 98*g**2 + 83*g - 576. What is c(7)?
5
Let r(i) = 201*i - 15077. Calculate r(75).
-2
Let t(a) = a**2 - 28*a + 37. What is t(0)?
37
Let t(x) = 2*x**3 + 14*x**2 + 30*x + 23. Give t(-3).
5
Let v(k) = 3*k**2 - 87*k - 765. Calculate v(-7).
-9
Let a(b) = -2*b**3 + 6*b**2 - 31*b - 145. Give a(-4).
203
Let y(v) = 43*v**3 - 68*v + 69. Give y(1).
44
Let m(b) = b**2 + 23*b - 188. Calculate m(-29).
-14
Let s(a) = a**2 - 56*a - 506. Determine s(64).
6
Let a(m) = 31*m**3 + 3*m**2 + 5*m - 6. Determine a(2).
264
Let c(i) = 25*i + 1395. Calculate c(-54).
45
Let s(a) = 2868*a - 5731. Determine s(2).
5
Let z(c) = 2*c**2 + 57*c + 375. Give z(-18).
-3
Let i(c) = -12*c**2 + 23*c + 125. Calculate i(-4).
-159
Let u(r) = -18*r**3 + 396*r**2 + 10*r - 233. What is u(22)?
-13
Let v(c) = -c**3 - 37*c**2 - 146*c + 302. What is v(-32)?
-146
Let f(h) = 10*h + 111. What is f(-17)?
-59
Let q(u) = u**3 - 14*u**2 - 33*u - 17. Determine q(16).
-33
Let x(f) = 29*f + 505. What is x(-12)?
157
Let p(r) = -20*r + 46. What is p(3)?
-14
Let y(r) = 18*r - 250. Give y(11).
-52
Let c(x) = -497*x + 1978. Calculate c(4).
-10
Let m(k) = 67*k**2 - 24*k - 54. What is m(-2)?
262
Let y(g) = -g**3 + 24*g**2 - 41*g - 62. Determine y(22).
4
Let a(b) = -3496*b + 13999. Give a(4).
15
Let r(o) = o**3 - 10*o**2 + 47*o - 49. Give r(3).
29
Let d(u) = u**3 - 148*u**2 - 5*u + 739. Calculate d(148).
-1
Let f(j) = -2*j**2 + 3*j + 13. What is f(-3)?
-14
Let o(x) = -x**2 - 38*x - 173. Calculate o(-31).
44
Let t(b) = -b**3 - 10*b**2 + 5*b - 21. What is t(-11)?
45
Let d(p) = 186*p - 181. Determine d(2).
191
Let v(r) = r**3 + 42*r**2 - 32*r + 470. Determine v(-43).
-3
Let t(g) = g**2 + 38*g + 338. What is t(-23)?
-7
Let b(f) = f**2 + 100*f + 1349. Give b(-84).
5
Let y(m) = 87*m - 609. Determine y(7).
0
Let p(d) = d**3 + 3*d**2 - 55*d - 15. Give p(-9).
-6
Let f(u) = -3*u**3 + 33*u**2 + 126*u - 17. Calculate f(14).
-17
Let g(v) = -v**3 - 18*v**2 + 15*v - 97. Calculate g(-19).
-21
Let p(o) = 126*o**2 - 13*o - 11. Determine p(-1).
128
Let u(m) = -57*m**2 + 4620*m - 234. What is u(81)?
9
Let s(i) = -i**3 - 25*i**2 - 66*i + 37. Determine s(-22).
37
Let k(m) = m**2 + 3*m - 14. What is k(-8)?
26
Let g(q) = -q**3 - 11*q**2 - 11*q + 5. What is g(-3)?
-34
Let v(c) = c**2 + 169*c - 1622. Give v(9).
-20
Let v(w) = 68*w**2 - 1567*w + 80. Determine v(23).
11
Let w(z) = -171*z - 513. Give w(-3).
0
Let o(w) = 91*w - 597. Determine o(7).
40
Let i(b) = 2*b**2 + 38*b + 133. What is i(-14)?
-7
Let k(r) = r**3 + 91*r**2 - 91*r + 133. Give k(-92).
41
Let h(f) = -259*f - 1930. What is h(-7)?
-117
Let h(o) = -86*o**3 + 2*o**2 + 4*o + 5. Give h(-1).
89
Let q(n) = -n**3 - 42*n**2 - 118*n - 30. Give q(-39).
9
Let j(z) = 36*z**2 - 349*z - 2. Determine j(10).
108
Let k(o) = o**2 - 31*o - 473. Determine k(-11).
-11
Let j(m) = -m**2 - 13*m + 27. Determine j(0).
27
Let g(x) = -595*x - 42868. What is g(-72)?
-28
Let d(t) = -3*t**2 - 40*t + 11. Calculate d(-23).
-656
Let z(u) = -u**2 + 30*u - 209. Determine z(7).
-48
Let n(o) = 4*o**3 - 2*o**2 + 10*o - 36. Determine n(3).
84
Let u(g) = -5*g**3 - 47*g**2 - 4*g - 2. What is u(-10)?
338
Let c(t) = t**3 + 20*t**2 + 62*t + 182. Give c(-17).
-5
Let x(n) = 77*n + 330. Determine x(-7).
-209
Let a(o) = o**3 - 56*o**2 + 2*o - 108. Calculate a(56).
4
Let t(y) = 2*y**3 + 14*y**2 - 6*y + 6. Determine t(-7).
48
Let p(b) = -4*b**2 - 36*b - 24. Determine p(-8).
8
Let